 - -53. Suppose 5*i - q = -22. Is i composite?
False
Suppose -29*h + 25*h + 1676 = 0. Is h a composite number?
False
Let f = -1 + 1. Suppose 5*h = -2*j - 2*j + 28, 2*h - 2*j - 4 = f. Suppose -z + 26 = z + h*m, 3*z = -4*m + 49. Is z composite?
False
Let q = 176 + -126. Let z = 349 - q. Is z prime?
False
Let w(i) be the first derivative of -25*i**2/2 + i + 2. Is w(-2) a composite number?
True
Let b = -9 - -18. Is (-2)/b - (-4186)/126 prime?
False
Let d = 6 - 4. Suppose d*t - 62 = 164. Is t a prime number?
True
Suppose -985 = -5*y + 920. Is y a prime number?
False
Is (-7 - (-1 + -3)) + 58 a composite number?
True
Let a be (-575)/10 - 1/(-2). Let t = 188 + a. Is t a composite number?
False
Suppose z = 1364 - 445. Is z a composite number?
False
Is (-11382)/(-10) - 60/(-75) a prime number?
False
Let b(u) be the third derivative of -27*u**4/4 + u**3/3 - 4*u**2. Is b(-2) a composite number?
True
Let n = -705 - -296. Suppose -l + 2*i = -4*l + 1886, -2*l + 1268 = -4*i. Let d = n + l. Is d a prime number?
False
Let t(r) = -r - 5. Let b be t(-8). Suppose -4*l - n = -b*n, 0 = -4*l - 4*n. Suppose 3*x - 4*x + 31 = l. Is x prime?
True
Suppose -2*k + 3*g - 18 = k, -29 = 4*k - 5*g. Let p be 1 - -1 - k/1. Suppose -p*b - 9 + 210 = 0. Is b composite?
False
Suppose 5*d + 5*a = 3510, 5*d - 3518 = -5*a + 2*a. Is d a prime number?
False
Suppose 8*b - 179 = 3*f + 3*b, -4*f - 5*b = 192. Suppose 0 = 2*p - 5*a - 21, -2*a - 16 = 3*p - 0*a. Is (-1 + 3)/(p/f) a composite number?
False
Is ((-2)/6)/((-2)/3954) prime?
True
Suppose c + 465 = 4*c. Is c composite?
True
Suppose 331 = m - 562. Is m a prime number?
False
Suppose -3*n = 2*f - 4*f - 2, 5*f = -5. Suppose 0 = -n*v + v - 77. Is v composite?
True
Let y be (-2)/3*(-693)/6. Let i = -46 + y. Is i a prime number?
True
Let s = 6 - 4. Let x(p) = -s - 2*p + 2 + 8*p**2 + 3. Is x(2) prime?
True
Let o = 1 - 0. Let x be -4*(-4 + o)/3. Let w = 11 - x. Is w composite?
False
Suppose 3*j = -0*j + 30. Is j a composite number?
True
Let c = -7 + 12. Suppose 2*o - j = 318, 0*j - c*j = -10. Suppose 0 = 2*y - o - 166. Is y a prime number?
True
Suppose 150 - 927 = -3*n. Is n composite?
True
Let z = 196 - -73. Suppose 2*y - z = -79. Is y a prime number?
False
Let k(j) = -j**3 - 10*j**2 + 10*j - 7. Let t(u) = -13 - 6*u**3 + 0*u**3 - 20*u**2 + 4*u**3 + 20*u. Let x(m) = 13*k(m) - 6*t(m). Is x(-12) a composite number?
True
Suppose 8 - 3 = p. Suppose p*x - 2*k = 22, -3*x - 2*k = -5*x + 10. Suppose 0 = 4*w - m - 358, w - 4*m - 453 = -x*w. Is w a prime number?
True
Suppose -5*t + 3*t = -3*h - 8, 2*t = 8. Suppose h = -i - 5*q + 90, -3*i + 320 = q + 4*q. Is i a prime number?
False
Let c(i) = 148*i - 3. Let n(d) = -d**2 + 9*d - 6. Let h be n(8). Is c(h) a prime number?
True
Suppose 0 = 7*r - 4*r - 15. Let b(v) be the first derivative of 5*v**2/2 - 2*v + 5. Is b(r) prime?
True
Suppose -298 = -4*t + 1434. Suppose j = -4*j + 4*k + t, -2*j + k = -175. Is j prime?
True
Let t(m) = 5*m**2 - m. Let k be t(1). Suppose -5*p - 5*a = -0*a - 1170, 0 = -4*a + k. Is p a prime number?
True
Let b be 2/(-6) - 188/(-6). Suppose 0 = -3*u + 9 + 6, b = 3*f - u. Suppose 24 = i + 5*d, 4*d + 22 = 3*i - f. Is i a prime number?
False
Let o(z) = -z**2 + 8*z - 2. Let y be o(7). Suppose -1 = -y*g + 9. Suppose -d - 4*u = u - 77, -4*d - g*u = -308. Is d prime?
False
Let q = -2 + -1. Is 1*q*(-267)/9 a composite number?
False
Is ((-149)/(-2))/((-6)/(-132)) prime?
False
Let i(h) = h**3 - 8*h**2 - 16*h - 11. Is i(12) composite?
False
Suppose g - 2*g + 2 = 0. Suppose -g*o - 2 = 4. Is ((-21)/(-6) + o)*178 composite?
False
Suppose 2226 - 415 = 5*q - 4*z, 0 = 4*q + z - 1432. Is q prime?
True
Let w(r) = -6 + 5*r - 2*r - 2 + r**2 + 0*r**2. Is w(-6) prime?
False
Suppose 286 = 3*g + 4*y - 61, 0 = -4*g + y + 431. Is g a composite number?
False
Let i be (-86)/(2 + -1)*-4. Let w be i/72 + (-4)/(-18). Suppose z = 3*o + 28, -80 = -w*z + 2*o + o. Is z composite?
False
Suppose f - 1246 = -5*p - 412, 2515 = 3*f + 2*p. Is f a composite number?
False
Suppose -2 = -b - 1. Let n(d) = 2*d**3 - d**2 + 2*d - 1. Let x be n(b). Suppose 12 = 5*m - x*m - w, 16 = 4*m + w. Is m composite?
True
Let p(z) = 32*z**2 - 4*z + 3. Let s(l) = l**2 + 5*l + 6. Let q be s(-4). Is p(q) a prime number?
False
Let z(a) = a**3 - a**2 - a + 10. Let q(y) = -y**2 - y + 2. Let f be q(-2). Let p be z(f). Is ((-12)/(-10))/(4/p) a composite number?
False
Let k = 1848 + -1261. Is k prime?
True
Let p(n) = 41*n - 15. Is p(10) prime?
False
Is 2/3*(-1899)/(-6) a composite number?
False
Suppose 946 = 10*y - 8*y. Is y composite?
True
Suppose -j = -8 + 6. Suppose -2*y - 2*u = j*y - 332, 0 = y - 5*u - 105. Is y a composite number?
True
Let z(d) = 44*d - 1. Suppose -5*b + 4 = -3*y, 0 = 2*y - 4*y - 5*b + 14. Is z(y) prime?
False
Suppose -r - 3*q = q - 4, q = 0. Let i(m) = -2 + 202*m**3 + 2*m + r - 5 + 2. Is i(1) a composite number?
True
Let a(w) = -26*w - 7. Is a(-5) composite?
True
Is ((-44842)/(-28))/(2/4) prime?
True
Suppose -3*d + 8*d - 11 = 2*b, 0 = 4*d - 4*b - 4. Suppose -d*x - 2*x + 1135 = 0. Let j = x + -160. Is j a composite number?
False
Let q = 191 - 94. Is q prime?
True
Let n = -340 - -499. Is n a composite number?
True
Let d(r) = -841*r + 1. Is d(-4) composite?
True
Let i(z) = 3*z**2 - 8*z - 22. Is i(-19) prime?
True
Suppose 2*j + 33 = 5*j. Suppose 0 = -8*t + 4*t + 12. Let g = t + j. Is g a prime number?
False
Let g(k) = k**2 - 8*k - 10. Is g(15) a prime number?
False
Suppose -4*f - 276 = -8*f. Suppose -284 + 101 = -3*u + 3*g, f = u - 5*g. Is u prime?
True
Suppose 0 = 2*c - 5*p + 1, -3*c + 5*p - 1 = -2. Let j = 67 + c. Is j composite?
True
Let m(p) = -69*p - 8. Suppose -9 - 2 = u. Is m(u) composite?
False
Let l = 257 - 128. Suppose 0 = -2*r + 80 + 284. Let x = r - l. Is x composite?
False
Let l(z) = z**3 + z + 317. Is l(0) a prime number?
True
Let k = -549 + 953. Let p(f) = 27*f**2 - f + 1. Let b be p(3). Let h = k - b. Is h composite?
False
Let q = -1 + 3. Suppose -q*o = -5*o + 18. Suppose w = o*w - 65. Is w prime?
True
Let d be (-1)/((-3)/(-6)) - -4. Suppose -4*q + c = q - 72, 0 = d*q - 4*c - 18. Is q prime?
False
Suppose 5*s = -3*d - 0*d - 5179, s - 3457 = 2*d. Let b be 1/(-5) + d/(-15). Suppose 2*o = -5 + b. Is o a composite number?
True
Suppose 0*l + 28 = 2*l + 4*m, -16 = -2*l - m. Let i be 389 + 0/(l/(-3)). Let y = i + -256. Is y a prime number?
False
Let p(q) = 6*q - 3. Let u be p(12). Suppose 0 = t - 88 - u. Is t a composite number?
False
Let d(h) = h**2 + 11*h - 8. Is d(7) a prime number?
False
Let h be -2*(2 + 2 + -1). Let p(v) = -v**2 - 6*v. Let q be p(h). Suppose z - 2*z + 11 = q. Is z prime?
True
Let a(k) = 5*k**2 - 23*k - 9. Is a(-10) composite?
True
Let d(r) = r**3 + 4*r**2 + 3*r - 1. Let g be d(-3). Let h(a) = 48*a - 3. Let x(u) = -24*u + 1. Let z(v) = 2*h(v) + 5*x(v). Is z(g) composite?
False
Let t(g) = g**2 - 2*g - 1. Let c be 6/12 - 38/(-4). Is t(c) prime?
True
Suppose 0 = -0*c - 5*c + 10. Suppose -4*r + c*r + 171 = -h, -431 = -5*r - h. Is r prime?
False
Let o = -21 + 80. Let f = o + 0. Is f prime?
True
Suppose 2*v + 14 = -2*i + 62, 5*i + 51 = 4*v. Is v composite?
False
Suppose 195 - 671 = -3*q - b, b + 1 = 0. Is q a prime number?
False
Let j = 17 - 12. Suppose 3 = -3*r + j*f + 8, 0 = r - 5*f + 15. Is r composite?
True
Suppose 2*d = 5*i - 728, -13*i - 3*d = -10*i - 441. Is i a prime number?
False
Is 0 - -4 - 3 - (-4089 + -1) a composite number?
False
Suppose 3*q - o = 4*o + 37, -20 = 4*o. Suppose 2*l = -s - l + 48, 3*l = q*s - 117. Is s a composite number?
True
Suppose 0*s - 3831 = -3*s. Is s a prime number?
True
Let q(w) = -2*w - 2*w - w. Let f be q(-1). Suppose -f = -2*o + 9. Is o composite?
False
Let z(v) = v**3 + 5*v**2 - 4*v. Let k be z(-5). Suppose 0*i - k = i. Let q = -14 - i. Is q composite?
True
Let b(i) = i**2 + 5*i - 4. Let n be b(-6). Let p(l) = 94*l + 3. Is p(n) composite?
False
Let w = 684 - 347. Is w prime?
True
Suppose 743 = u - 0*u. Is u composite?
False
Suppose 2*v + o = 864, 9*v - 2165 = 4*v - 5*o. Is v prime?
True
Let f(s) = -s**3 - 4*s**2 - 2*s. Let v be f(-4). Let n = v - 6. Suppose n*m + 39 = 3*m. Is m prime?
False
Let g = 180 + -69. Is g a prime number?
False
Let t = 27 - 14. Let o(a) = a**2 + 12*a + 13. Let z be o(-11). Suppose -t + z = -n. Is n composite?
False
Let s = -44 + 51. Is s a compo